ple of 44?
False
Does 16 divide 1488?
True
Is 3 a factor of 5468?
False
Is 37 a factor of 3552?
True
Is 17 a factor of 1649?
True
Is 46 a factor of 3695?
False
Is 6 a factor of 3978?
True
Does 114 divide 2500?
False
Is 2 a factor of 182?
True
Does 65 divide 6584?
False
Does 15 divide 5334?
False
Is 2435 a multiple of 6?
False
Is 17 a factor of 107?
False
Is 19 a factor of 2698?
True
Is 26512 a multiple of 123?
False
Is 908 a multiple of 21?
False
Is 6376 a multiple of 83?
False
Does 80 divide 4031?
False
Is 765 a multiple of 51?
True
Is 88 a factor of 111760?
True
Does 21 divide 14217?
True
Is 141 a factor of 77832?
True
Is 9480 a multiple of 237?
True
Is 3640 a multiple of 65?
True
Is 57 a factor of 1084?
False
Is 163 a factor of 5688?
False
Does 76 divide 2964?
True
Does 32 divide 8111?
False
Does 12 divide 6892?
False
Is 3920 a multiple of 80?
True
Is 8886 a multiple of 2?
True
Does 83 divide 1967?
False
Does 23 divide 2224?
False
Does 7 divide 40075?
True
Does 11 divide 25118?
False
Is 17 a factor of 4279?
False
Is 72086 a multiple of 19?
True
Does 12 divide 3387?
False
Is 52 a factor of 18720?
True
Is 925 a multiple of 37?
True
Does 16 divide 19655?
False
Does 46 divide 31786?
True
Does 27 divide 4779?
True
Is 100 a factor of 4163?
False
Does 48 divide 9701?
False
Does 114 divide 22344?
True
Is 12764 a multiple of 35?
False
Is 23 a factor of 9696?
False
Does 19 divide 928?
False
Is 2838 a multiple of 86?
True
Is 54627 a multiple of 393?
True
Is 16 a factor of 672?
True
Does 55 divide 18425?
True
Does 177 divide 7611?
True
Does 36 divide 144?
True
Is 3 a factor of 345?
True
Is 13 a factor of 64?
False
Does 11 divide 279?
False
Is 2222 a multiple of 101?
True
Is 42 a factor of 4242?
True
Does 44 divide 641?
False
Does 22 divide 487?
False
Is 27 a factor of 12771?
True
Does 12 divide 447?
False
Is 6 a multiple of 6?
True
Is 2790 a multiple of 18?
True
Is 6315 a multiple of 15?
True
Is 10 a factor of 5710?
True
Is 17 a factor of 56018?
False
Is 5 a factor of 3078?
False
Does 17 divide 5525?
True
Does 48 divide 4320?
True
Is 13 a factor of 3068?
True
Is 12 a factor of 660?
True
Is 23 a factor of 38801?
True
Is 1404 a multiple of 32?
False
Is 19 a factor of 836?
True
Is 2227 a multiple of 17?
True
Is 11 a factor of 97561?
False
Does 29 divide 1073?
True
Does 12 divide 6464?
False
Is 30 a factor of 1860?
True
Does 7 divide 3759?
True
Is 37 a factor of 14509?
False
Does 45 divide 1092?
False
Does 75 divide 6020?
False
Is 16164 a multiple of 4?
True
Is 1099 a multiple of 2?
False
Is 2155 a multiple of 3?
False
Does 146 divide 6531?
False
Is 8 a factor of 16640?
True
Is 19312 a multiple of 136?
True
Is 1931 a multiple of 32?
False
Is 19 a factor of 418?
True
Is 9 a factor of 4180?
False
Does 12 divide 3929?
False
Is 88 a multiple of 4?
True
Is 22 a factor of 21384?
True
Is 9 a factor of 598?
False
Does 55 divide 3260?
False
Is 28 a factor of 180628?
True
Does 95 divide 8192?
False
Is 26 a factor of 234?
True
Is 51 a factor of 3417?
True
Is 17 a factor of 459?
True
Does 29 divide 649?
False
Does 7 divide 35?
True
Does 51 divide 1386?
False
Does 113 divide 5316?
False
Is 30670 a multiple of 4?
False
Does 3 divide 5062?
False
Is 102 a factor of 15606?
True
Does 13 divide 925?
False
Is 665 a multiple of 6?
False
Is 234 a multiple of 9?
True
Is 11792 a multiple of 228?
False
Is 514 a multiple of 37?
False
Is 19 a factor of 806?
False
Is 5 a factor of 99?
False
Is 3578 a multiple of 54?
False
Is 5 a factor of 87?
False
Is 693 a multiple of 21?
True
Is 5 a factor of 325?
True
Is 146654 a multiple of 44?
False
Is 12 a factor of 12786?
False
Does 12 divide 1410?
False
Does 16 divide 2457?
False
Is 48540 a multiple of 12?
True
Does 48 divide 15294?
False
Does 108 divide 3855?
False
Is 68 a factor of 8497?
False
Is 1102 a multiple of 58?
True
Does 23 divide 2181?
False
Is 3 a factor of 33?
True
Is 11960 a multiple of 8?
True
Is 172089 a multiple of 42?
False
Is 1265 a multiple of 8?
False
Is 27 a factor of 854?
False
Does 23 divide 4692?
True
Does 18 divide 529?
False
Does 12 divide 1191?
False
Is 80 a factor of 13891?
False
Does 6 divide 180?
True
Is 690 a multiple of 15?
True
Is 72 a multiple of 9?
True
Is 8 a factor of 940?
False
Is 17 a factor of 3200?
False
Is 84 a factor of 3696?
True
Is 27195 a multiple of 259?
True
Is 7 a factor of 540?
False
Is 311 a multiple of 11?
False
Does 9 divide 1746?
True
Is 13 a factor of 1131?
True
Is 51659 a multiple of 128?
False
Is 28752 a multiple of 12?
True
Is 191 a multiple of 14?
False
Is 4 a factor of 2667?
False
Is 19545 a multiple of 58?
False
Is 16 a factor of 192?
True
Is 2 a factor of 378?
True
Is 7821 a multiple of 33?
True
Is 42 a factor of 12405?
False
Does 9 divide 281?
False
Is 31395 a multiple of 69?
True
Does 14 divide 2282?
True
Is 24 a factor of 552?
True
Is 687 even?
False
Does 131 divide 32150?
False
Does 15 divide 1965?
True
Is 10 a factor of 40?
True
Does 10 divide 33787?
False
Is 57 a factor of 4042?
False
Is 305 a multiple of 14?
False
Does 32 divide 1948?
False
Does 39 divide 16965?
True
Does 42 divide 3045?
False
Is 1124 a multiple of 10?
False
Is 5366 a multiple of 14?
False
Is 22 a factor of 4955?
False
Does 26 divide 1130?
False
Does 10 divide 35930?
True
Is 135 a factor of 12285?
True
Is 42 a factor of 7134?
False
Is 3 a factor of 155?
False
Is 19 a factor of 19741?
True
Is 47 a factor of 2209?
True
Is 14880 a multiple of 32?
True
Does 4 divide 4920?
True
Is 1987 a multiple of 11?
False
Is 5 a factor of 23433?
False
Is 109 a factor of 447?
False
Is 29925 a multiple of 11?
False
Does 15 divide 1515?
True
Is 3 a factor of 2205?
True
Is 1085 a multiple of 31?
True
Is 211 a factor of 16458?
True
Does 46 divide 1600?
False
Is 3980 a multiple of 52?
False
Does 130 divide 46374?
False
Does 4 divide 317?
False
Does 28 divide 3808?
True
Is 8464 even?
True
Does 40 divide 720?
True
Is 666 a multiple of 48?
False
Is 438 a multiple of 34?
False
Is 6 a factor of 42?
True
Is 3898 a multiple of 12?
False
Is 159 a factor of 19398?
True
Does 22 divide 12276?
True
Does 35 divide 4110?
False
Does 5 divide 4515?
True
Does 5 divide 1515?
True
Is 1276 a multiple of 58?
True
Is 1806 a multiple of 21?
True
Is 9 a factor of 5103?
True
Is 13180 a multiple of 112?
False
Is 8544 a multiple of 12?
True
Does 17 divide 96?
False
Does 22 divide 58709?
False
Is 24 a factor of 2085?
False
Is 455 a multiple of 27?
False
Is 1692 a multiple of 6?
True
Is 7770 a multiple of 63?
False
Does 264 divide 21912?
True
Is 6 a factor of 129?
False
Does 12 divide 474?
False
Is 43 a factor of 160?
False
Is 113 a multiple of 4?
False
Is 18 a factor of 268?
False
Does 220 divide 18480?
True
Is 29 a factor of 7859?
True
Is 53349 a multiple of 250?
False
Is 24 a factor of 9261?
False
Is 448 a multiple of 64?
True
Is 3576 a multiple of 8?
True
Does 7 divide 3941?
True
Is 780 a multiple of 7?
False
Does 11 divide 517?
True
Does 22 divide 1584?
True
Is 12 a factor of 61095?
False
Is 12 a factor of 1055?
False
Does 84 divide 3024?
True
Is 28770 a multiple of 271?
False
Is 994 a multiple of 15?
False
Does 10 divide 1080?
True
Is 5 a factor of 1285?
True
Does 32 divide 20482?
False
Does 55 divide 2090?
True
Is 35958 a multiple of 26?
True
Is 69 a factor of 1958?
False
Does 163 divide 24776?
True
Is 61 a factor of 43615?
True
Does 4 divide 213?
False
Is 28504 a multiple of 79?
False
Does 3 divide 12?
True
Is 27 a factor of 2241?
True
Does 18 divide 871?
False
Does 12 divide 1980?
True
Does 17 divide 714?
True
Is 15 a factor of 285?
True
Is 234 a factor of 30666?
False
Is 31 a factor of 335?
False
Is 33 a factor of 1353?
True
Is 5095 a multiple of 5?
True
Is 33 a factor of 23947?
False
Is 2911 a multiple of 41?
True
Does 4 divide 10250?
False
Is 38 a factor of 13718?
True
Is 328 a multiple of 8?
True
Does 24 divide 1055?
False
Does 32 divide 64?
True
Does 8 divide 1287?
False
Is 396 a multiple of 11?
True
Does 8 divide 72512?
True
Is 5 a factor of 3325?
True
Does 4 divide 2975?
False
Is 1157 a multiple of 15?
False
Does 18 divide 1710?
True
Does 91 divide 364?
True
Does 10 divide 31446?
False
Is 3 a factor of 91?
False
Is 38 a factor of 38?
True
Is 15 a factor of 708?
False
Is 49 a factor of 7105?
True
Is 83 a factor of 5063?
True
Is 34 a factor